{"id":8,"date":"2014-01-20T17:38:46","date_gmt":"2014-01-20T16:38:46","guid":{"rendered":"http:\/\/www.tourdumondepepere.com\/cacontinue\/?page_id=8"},"modified":"2021-12-05T16:42:19","modified_gmt":"2021-12-05T15:42:19","slug":"les-protagonistes","status":"publish","type":"page","link":"https:\/\/www.tourdumondepepere.com\/cacontinue\/les-protagonistes\/","title":{"rendered":"L&rsquo;Equipage"},"content":{"rendered":"<section class=\"l-section wpb_row height_full valign_bottom width_full color_alternate with_shape\"><div class=\"l-section-shape type_wave pos_top on_front hor_flip\" style=\"color:#ff5722;height:20vh;\"><svg xmlns=\"http:\/\/www.w3.org\/2000\/svg\" viewBox=\"0 4 64 4\" preserveAspectRatio=\"none\" width=\"100%\" height=\"100%\">\r\n\t<path fill=\"currentColor\" d=\"M64 6 C32 0 32 12 0 6 L0 8 L64 8 Z\"\/>\r\n<\/svg><\/div><div class=\"l-section-h i-cf\"><div class=\"g-cols vc_row type_default valign_bottom\"><div class=\"vc_col-sm-12 wpb_column vc_column_container\"><div class=\"vc_column-inner\"><div class=\"wpb_wrapper\"><\/div><\/div><\/div><\/div><\/div><\/section><section class=\"l-section wpb_row height_medium\"><div class=\"l-section-h i-cf\"><div class=\"g-cols vc_row type_default valign_top\"><div class=\"vc_col-sm-6 wpb_column vc_column_container\"><div class=\"vc_column-inner\"><div class=\"wpb_wrapper\"><div class=\"wpb_text_column\" ><div class=\"wpb_wrapper\"><blockquote>\n<p>Doreen<\/p>\n<\/blockquote>\n<p>L\u2019Afrique, je connais\u2026 je suis Zimbabw\u00e9enne. Avec Michel, j\u2019esp\u00e8re profiter de P\u00e9p\u00e8re pour visiter le reste du monde, Am\u00e9riques, Inde, Australie etc\u2026 De toute fa\u00e7on, l\u2019Afrique, on y retournera r\u00e9guli\u00e8rement pour la famille et les r\u00e9serves.<\/p>\n<p>Je demande juste \u00e0 Michel de faire ces voyages sans me s\u00e9parer trop longtemps de mes enfants, Margaux et Antoine. Nous ferons plus de retours en avions pour les voir.<\/p>\n<blockquote>\n<p>En tout cas,\u00a0 nos exp\u00e9riences pass\u00e9es laissent pr\u00e9sager de grands moments.<\/p>\n<\/blockquote>\n<\/div><\/div><\/div><\/div><\/div><div class=\"vc_col-sm-6 wpb_column vc_column_container\"><div class=\"vc_column-inner\"><div class=\"wpb_wrapper\"><div class=\"wpb_text_column\" ><div class=\"wpb_wrapper\"><blockquote>\n<p>Michel<\/p>\n<\/blockquote>\n<p>Apr\u00e8s deux ann\u00e9es d\u2019aventures \u00ab EXTRAORDINAIRE \u00bb avec P\u00e9p\u00e8re en Asie centrale et en Afrique Australe, J\u2019ai bien l\u2019intention de ne pas en rester l\u00e0.\u00a0 Mon tour du monde commenc\u00e9 il y a deux ans doit continuer.<\/p>\n<blockquote>\n<p>Combien de temps ? on verra bien\u2026<\/p>\n<\/blockquote>\n<\/div><\/div><\/div><\/div><\/div><\/div><\/div><\/section>\n","protected":false},"excerpt":{"rendered":"Doreen L\u2019Afrique, je connais\u2026 je suis Zimbabw\u00e9enne. Avec Michel, j\u2019esp\u00e8re profiter de P\u00e9p\u00e8re pour visiter le reste du monde, Am\u00e9riques, Inde, Australie etc\u2026 De toute fa\u00e7on, l\u2019Afrique, on y retournera r\u00e9guli\u00e8rement pour la famille et les r\u00e9serves. Je demande juste \u00e0 Michel de faire ces voyages sans me s\u00e9parer trop longtemps de mes enfants, Margaux...","protected":false},"author":1,"featured_media":7684,"parent":0,"menu_order":0,"comment_status":"closed","ping_status":"closed","template":"","meta":[],"_links":{"self":[{"href":"https:\/\/www.tourdumondepepere.com\/cacontinue\/wp-json\/wp\/v2\/pages\/8"}],"collection":[{"href":"https:\/\/www.tourdumondepepere.com\/cacontinue\/wp-json\/wp\/v2\/pages"}],"about":[{"href":"https:\/\/www.tourdumondepepere.com\/cacontinue\/wp-json\/wp\/v2\/types\/page"}],"author":[{"embeddable":true,"href":"https:\/\/www.tourdumondepepere.com\/cacontinue\/wp-json\/wp\/v2\/users\/1"}],"replies":[{"embeddable":true,"href":"https:\/\/www.tourdumondepepere.com\/cacontinue\/wp-json\/wp\/v2\/comments?post=8"}],"version-history":[{"count":21,"href":"https:\/\/www.tourdumondepepere.com\/cacontinue\/wp-json\/wp\/v2\/pages\/8\/revisions"}],"predecessor-version":[{"id":8393,"href":"https:\/\/www.tourdumondepepere.com\/cacontinue\/wp-json\/wp\/v2\/pages\/8\/revisions\/8393"}],"wp:featuredmedia":[{"embeddable":true,"href":"https:\/\/www.tourdumondepepere.com\/cacontinue\/wp-json\/wp\/v2\/media\/7684"}],"wp:attachment":[{"href":"https:\/\/www.tourdumondepepere.com\/cacontinue\/wp-json\/wp\/v2\/media?parent=8"}],"curies":[{"name":"wp","href":"https:\/\/api.w.org\/{rel}","templated":true}]}}